1*r = -o + 13*r - 1, 0 = o + 4*r + 1. What is l(o)?
1
Let f(z) = z**3 + 2*z**2 + 3*z + 1. Let u = 514 - 516. Calculate f(u).
-5
Let w(f) = -f**2 - f - 1. Let b(p) = -6*p**2 - 8*p - 8. Let d(y) = b(y) - 5*w(y). Suppose -a = 7 - 5. Calculate d(a).
-1
Let a(j) = -1 + 0 + 2*j**2 + 5*j**2. Let v be (((-12)/(-30))/(4/(-10)))/(-1). Calculate a(v).
6
Let h(r) = r. Let b(t) = -9*t + 1. Let c be b(1). Let p be (-6)/c - (-1)/4. Let v = 4 + p. What is h(v)?
5
Let a(o) = -2*o - 1. Let n = 9 + -6. Let r be a(n). Let i = r + 13. Let y(d) = -d**3 + 5*d**2 + 7*d - 7. Give y(i).
-1
Let p be (-42)/(-56) + (-34)/(-8). Let t(b) = -25 + b**2 - 5*b**2 + b**3 + 29 - 6*b + 0*b**2. Determine t(p).
-1
Let a be 2/5 + -1*2/5. Let o(y) = -y**2 + y - 5. Give o(a).
-5
Let t(j) be the second derivative of -5*j**2 + 16*j - 1/12*j**4 + 0 + 3/2*j**3. Calculate t(7).
4
Let w(m) = m**2 - 10*m + 8 - 1 - 2*m**2 + 17*m. Let s(h) = h**2 - h - 1. Let i(p) = -3*s(p) - w(p). Let f = 6 + -9. Give i(f).
-10
Let c(m) = 1 + 4*m**2 - 18*m**2 - 1. What is c(-1)?
-14
Let k be 5/(-15) + (-40)/(-12) + -3. Let v(d) = -d**2 + d + 8. What is v(k)?
8
Let i(o) be the second derivative of -7*o**4/12 + o**2/2 + 709*o. What is i(1)?
-6
Let b = 15 + -18. Let t(o) = o + 5. Let w be t(b). Let i(c) = -c - w*c - c + 5*c + 5. Calculate i(-4).
1
Let i be (-94)/(-14) - ((-61)/(-7) + -9). Let g(k) = 2*k - 17. What is g(i)?
-3
Let w(t) be the second derivative of -3*t**4/4 - t**3/6 - 4*t**2 - 11*t. Let n(k) be the first derivative of w(k). Calculate n(-1).
17
Let r(c) = -c**3 - 2*c**2 + 5*c + 3. Let q = -27 + 34. Let i(m) = 3*m - 24. Let g be i(q). Calculate r(g).
-3
Let t(z) = -26*z + 6 + 18*z + z**3 - 3*z**2 - 1. Determine t(5).
15
Let v(c) = -c**3 - 2*c**2 + 4. Suppose 0*h - h = 2*f + 12, -3*h - 16 = 2*f. Calculate v(h).
4
Let x(z) = -26 + 12*z + 57 - 28. What is x(-2)?
-21
Let k(j) be the second derivative of j**4/3 + 3*j**3/2 - 2*j**2 + 25*j. Let v be k(-3). Let p(w) = w**3 - 6*w**2 + 6*w + 6. Determine p(v).
11
Let z(v) = v**3 - 4*v**2 - 3*v + 6. Let r = 226 - 221. Determine z(r).
16
Let d(h) = 3*h**2 + 11*h + 22. Let g(z) = -2*z**2 - 7*z - 15. Let x(n) = 5*d(n) + 7*g(n). Let k(b) = b**3 - 2*b**2 - 63*b - 6. Let w be k(-7). Calculate x(w).
5
Let r(o) = -15*o - 1. Let v(y) = -13*y. Let c(l) = 3*r(l) - 4*v(l). Give c(3).
18
Suppose 4*t + 4*n - 32 = 0, 5*t - t - 2*n = 8. Let g(s) = -2*s - 1 + t + 4*s + 2. Give g(-4).
-3
Suppose 18*h - 108 = -0*h. Let t(s) = 6*s - 9. Let f(q) = 7*q - 10. Let j(k) = h*t(k) - 5*f(k). What is j(10)?
6
Let v(r) be the third derivative of -r**5/60 - 5*r**4/24 + 5*r**3/6 + r**2. Suppose -50*c = 8 + 292. Let x be v(c). Let k(s) = -5*s. Calculate k(x).
5
Let f(h) be the second derivative of 7*h**3/3 + 2*h**2 - 268*h + 1. Determine f(3).
46
Let u(i) = 2*i**2 + 7*i + 0 - 3*i**2 - 5. Let m = 95 + -90. Give u(m).
5
Suppose -2*l + 28 = -3*i - 4*l, 2*i = 4*l + 8. Let m(x) = 2 + 0 - 6*x + 4*x + 1 - x**2. What is m(i)?
-21
Let a(b) = b**2 - 3*b - 3. Let x(c) = 4*c + 31. Let k be x(-7). What is a(k)?
-3
Let u = -6493 - -6492. Suppose 2*x = 6*x - 8. Let z(q) = -4*q**3 + 3*q**x - 5*q**2 - q + 0*q. Give z(u).
3
Let i(a) = a**3 - 6*a**2 + 7*a + 6. Let j(v) = -7*v - 15. Let u be j(-3). Determine i(u).
48
Let q(b) = -b**2 - 6*b - 3. Suppose 2*u - g = -19, 3*u - g + 46 = 4*g. Let z(p) = p + 2. Let m be z(u). What is q(m)?
2
Let u be (-11 + 5)/(-6)*-7 - -4. Let d(j) = 2*j**3 + 4*j**2 + 2*j + 1. Give d(u).
-23
Let t(c) = -8*c + 67. Let x be t(9). Let g(i) = i**2 + i - 3. Give g(x).
17
Let i(n) = 6*n - 51. Suppose 2744 - 2730 = 2*p. What is i(p)?
-9
Let j(i) = 15*i**2 + 15*i - 15. Let g(m) = 3*m**2 + 3*m - 3. Let p(k) = 21*g(k) - 4*j(k). Let d(l) = -l**2 - l. Let v(y) = 2*d(y) + p(y). Determine v(-3).
3
Let p(z) = 849*z - 1699*z + 846*z - 8. Give p(-6).
16
Let z = -36 - -38. Let f(c) = 1 + c**z + 3 + 0*c**2 + 5*c. Determine f(-3).
-2
Let u(m) be the second derivative of m**7/840 - m**6/90 - m**5/40 + 5*m**4/24 - 11*m**3/3 - 21*m. Let l(q) be the second derivative of u(q). What is l(4)?
-7
Let l(f) = -f**2 - 4*f. Let b = -112 - -109. What is l(b)?
3
Let m(b) be the third derivative of b**5/30 + 3*b**4/8 + b**3 + 126*b**2 + 2. Give m(-3).
-3
Let p(w) = -1. Let g be (1/(-3))/((-1)/3). Let a(k) = 2*k + 9. Let u(x) = g*a(x) + 4*p(x). What is u(4)?
13
Let f be (63/(-14) + 6)/((-6)/8). Let b(j) = -j**3 + 1. Let l(q) be the second derivative of -q**4/12 - q**3/6 - q. Let i(n) = b(n) - 3*l(n). What is i(f)?
15
Let n(s) = 70*s**3 - s**2 - 3*s - 1. Let x be n(-1). Let t = 42 + x. Let y be ((-4)/3)/((-18)/t). Let w(h) = h**2 + 2*h + 2. Determine w(y).
2
Let g(b) = -11*b**2 + 6*b + 7. Let z(u) = -23*u**2 + 14*u + 16. Let a(j) = -5*g(j) + 2*z(j). Calculate a(-2).
37
Let j(y) = -2*y**3 - 3*y**2 + 15*y - 9. Let p(m) = m**3 + 2*m**2 - 7*m + 5. Let s(q) = 2*j(q) + 5*p(q). Determine s(-5).
7
Suppose -3*f - 5*t = -7, -41 = -3*f + 3*t - 2. Suppose 0 = -4*x + 5*k - f, -6*x + 2*x + 3*k = 7. Let b(a) = 9*a**2 - 1. Determine b(x).
8
Let l(z) = 4*z**2 - 6*z - 3. Let c(q) = -q**2 + q. Let v(o) = 5*c(o) + l(o). Calculate v(3).
-15
Let i(m) be the first derivative of -m**3/3 + 5*m**2/2 + 13*m + 2. Let s(b) be the first derivative of i(b). Determine s(5).
-5
Let x(d) = -3*d - 2. Let q = -3 - -14. Let o(k) be the third derivative of k**4/3 + 5*k**3/6 - 33*k**2. Let g(z) = q*x(z) + 4*o(z). Determine g(0).
-2
Let b(f) = 2 - 69*f + 6*f**2 + 6 + 72*f + f**3. Give b(-6).
-10
Let n(z) = 4*z + 3. Let v(d) = -7*d - 5. Suppose 0 = -q + 6*q - 2*r + 40, -q + 2*r = 0. Let a(b) = q*n(b) - 6*v(b). Let g be -2 + -1 + -7 + 4. Give a(g).
-12
Suppose -4 = 4*t - 0. Let v(n) = -n - 1. Let u(w) = 2. Let f(c) = -2. Let r(k) = -3*f(k) - 2*u(k). Let d(z) = t*v(z) + r(z). Give d(-3).
0
Let x be (42/9)/(252/72). Let d(f) be the first derivative of x*f**3 + 3*f - 5/2*f**2 - 1/4*f**4 + 4. What is d(3)?
-3
Let f = 780 + -778. Let s(c) be the second derivative of 1/20*c**5 + 3*c**f - 9*c - 1/6*c**3 + 0 - 1/2*c**4. Give s(6).
0
Let c be 4/42 - 12064/(-1218). Let f(o) = -6*o + 58. Calculate f(c).
-2
Let l(p) = 25*p + 15. Let u = 64 - 58. Let o(d) = -13*d - 7. Let q(t) = u*l(t) + 13*o(t). Determine q(1).
-20
Let h = -188 + 186. Suppose -5*z + 5*l + 6 = -34, -2*z + 22 = 4*l. Let r be 3/6 - z/h. Let w(g) = g + 1. Determine w(r).
6
Let o(r) be the second derivative of -r**6/180 - r**4/24 + r**3 + 19*r. Let y(n) be the second derivative of o(n). What is y(-2)?
-9
Suppose 7*f + 6 = 4*f + 3*q, f + 4*q = 23. Let j(a) = -a**2 + 7*a. Calculate j(f).
12
Let z(u) = 543*u - 542*u - 5*u**2 + 15 + 2*u**2 + 4*u**2. Calculate z(0).
15
Let k = 6 - 2. Suppose 4*o - 12 = k. Suppose -o*i = -2*i - 4. Let r(u) = 4*u + 2. Determine r(i).
10
Let j = -28 + -1. Let a = -16 + 47. Let m = a + j. Let t(u) = 3*u - 2. Determine t(m).
4
Let f(m) = 2 - 2*m + 10*m + 0*m. Let p be (-12)/8 - (-26)/4. Let u(a) = 4*a + 1. Let b(k) = p*u(k) - 2*f(k). Determine b(5).
21
Let h(z) = -2*z + 8. Let b = -15 - -16. Let k be 1/b*-1*0. Suppose k = -4*r - 3*w + 16, 5*w = -4*r + 5*r - 27. Give h(r).
-6
Let g(m) = -m**2 + 9*m - 10. Let c be (-6)/((-12)/10) - 3/(-1). What is g(c)?
-2
Let u(t) be the second derivative of t**3/2 - 9*t**2/2 - 34*t. Let g be u(3). Let h(r) = -r - 8. Determine h(g).
-8
Let n(i) be the second derivative of i**3/6 - i**2/2 - 278*i. Calculate n(5).
4
Let d be 7 + (-40)/(-6)*36/(-24). Let q(t) = -t + 5. Give q(d).
8
Suppose 0 = -2*a + s + 8, 5*a = 2*s + 9 + 10. Let m(b) = -2 + 2 - b - a*b - 4. Calculate m(-5).
16
Suppose -f - 4*f = 4*g - 65, 4*g - 35 = f. Let a = 15 - g. Suppose a*n = n - 20. Let r(i) = -i + 6. What is r(n)?
11
Let z = 161 + -158. Let i(c) = c + 26*c**z + 0*c + c**2 - 3*c - 25*c**3. Calculate i(-2).
0
Suppose -5*x = -7*x. Let m(w) = x*w + w**2 - w - 5*w. Give m(3).
-9
Let t be 15/4 + (-15)/(-60). Suppose -h + t = h. Suppose 24 = -4*n - 4*a, 5*n - 2*a = h*a - 3. Let g(v) = -v**3 - 3*v**2 + 2*v + 4. Calculate g(n).
-2
Let b be (-2 + -2)/(2*-1). Let k(a) be the second derivative of -a**3/6 + a**2/2 - 2*a + 1. Let p(y) = y**2 - 11*y + 11. Let o(c) = b*k(c) - p(c). What is o(7)?
5
Let v(p) = p + 5. Suppose 3*w - 4*w = 2*z - 7, -4*w + 4*z = 8. Suppose -w - 3 = -2*h. Suppose 0*b = -h*b. Determine v(b).
5
Suppose -1 = 2*w + 13. Let i = 35 - 32. Let f = w + i. Let t(b) = b**3 + 5*b